e the highest common factor of a and 81.
9
Let x = 60 + -51. Let s be -4*(-60)/x*(-24)/(-10). What is the greatest common factor of s and 16?
16
Suppose 200*q = 201*q - 123. Calculate the highest common divisor of q and 328.
41
Suppose 4*y = -17 - 19. Let w = -1 - y. Let r(a) = 7*a**2 - 58*a - 409. Let n be r(-5). Calculate the highest common factor of n and w.
8
Let p = 2 + -8. Let f(h) = h**2 + 7*h + 8. Let m be f(p). Let k be 4/2 - (8 - 28). Calculate the greatest common divisor of k and m.
2
Suppose 5*w - 3*w = 2*c + 12, 5*w - c = 26. Suppose s = -2*b + 20, -s + 4*b - 5 - w = 0. Suppose 6*f - 20 = 4*f. What is the highest common factor of f and s?
10
Let l = -513 - -799. Calculate the greatest common factor of 44 and l.
22
Let l(q) = 5*q + 140. Let w be l(-23). What is the greatest common divisor of 5 and w?
5
Let w be ((-50)/6 - 136/204) + 40. Let z = -571 + 819. What is the highest common divisor of z and w?
31
Let o(c) = 2*c + 71. Let v be o(5). What is the greatest common factor of 36 and v?
9
Let z be -4 + 1 + (-3 - -4). Let u be 6/z - (2 - 3). Let g be (-1)/(27/15 + u). Calculate the highest common factor of 10 and g.
5
Let x be 6*1 - (-5)/(-5). Suppose 5*h - 1166 = 3*r, -x*r - 10 = -0*r. Calculate the highest common divisor of 29 and h.
29
Let i = 80 + -85. Let a(f) = -f**3 - 3*f**2 + 5*f + 20. Let b be a(i). What is the highest common factor of b and 30?
15
Let u = -1398 + 1486. Let b = -14 + 25. Calculate the greatest common divisor of u and b.
11
Suppose -75 = -6*i + 165. Let b be 197/2 - 24/(-16). What is the greatest common divisor of i and b?
20
Let l(j) = 189*j - 7. Let g be l(1). Calculate the highest common divisor of g and 56.
14
Suppose 997 = 5*l + 647. Calculate the greatest common factor of l and 10.
10
Suppose -1152 = -83*u + 51*u. What is the highest common factor of u and 738?
18
Suppose 4*y - 50 = -14. Let b(f) = -7 - 2 + f**2 - 5*f + 0. Let x be b(y). What is the greatest common divisor of 9 and x?
9
Let c = 105 - 95. Let v = c - 8. Calculate the highest common factor of v and 1.
1
Let a(l) = l**3 - 11*l**2 + 2*l + 41. Let g be a(11). Calculate the highest common factor of 56 and g.
7
Let h be 2*((-6402)/(-12) - 12). Calculate the greatest common divisor of 298 and h.
149
Let m = 27 + 3. Let t be ((-336)/(-40))/7*(-100)/(-6). What is the highest common divisor of m and t?
10
Suppose u - 17 = -3*u - 3*o, 0 = -2*u + 2*o + 12. Suppose y = u*y. Suppose -3*h + 52 + 14 = y. Calculate the greatest common factor of h and 33.
11
Let t(a) = -24*a**3 - a. Let k be t(-1). Let f(r) = 5*r**2 - 3. Let d be f(2). Let o = 22 - d. What is the highest common divisor of k and o?
5
Let u(j) be the third derivative of 3*j**5/10 + j**4/24 + j**3/2 - 37*j**2. Let t be u(-3). Calculate the greatest common divisor of t and 18.
18
Suppose -15*x + 39*x = 4080. What is the greatest common factor of 70 and x?
10
Let t be (-1505)/(-65) - (-2)/(-13). Let m = 32 + t. Calculate the greatest common factor of m and 11.
11
Let u be (2/(-3))/((-99)/10692). Let a be ((-8)/2)/((-2)/12). Calculate the highest common factor of a and u.
24
Let m(w) = 31*w**2 - 5*w + 2. Let v be m(1). What is the greatest common divisor of 378 and v?
14
Let o be 26/30 - 8/(-60). Calculate the greatest common divisor of o and 9.
1
Suppose -2*l = -7174 + 914. Calculate the greatest common factor of l and 10.
10
Let p(c) = -8*c + 104. Let f be p(11). Calculate the highest common divisor of 40 and f.
8
Let x(y) be the first derivative of -1/2*y**2 - 5 - y. Let m be x(-14). What is the highest common divisor of m and 13?
13
Let q = -225 + 346. Suppose 0 = -5*y + 66 - 11. What is the highest common divisor of q and y?
11
Suppose m = 2*n - 9, n + 2*n = 3*m + 12. Let c = 43 - 43. Suppose c = y + y - 2*t + 6, 2*t = -4*y + 18. What is the greatest common divisor of n and y?
1
Let r(y) = -2*y - 25. Let t be r(-15). Suppose t*s = 36 + 14. What is the highest common divisor of s and 5?
5
Suppose -392 = -2*g - 0*g. Let d = -3 - 61. Let q = g + d. What is the highest common factor of 22 and q?
22
Suppose -84*z - 390 = -86*z. Calculate the greatest common divisor of 26 and z.
13
Suppose -4*m - 1712 = -5*x, -x + 2*m + 171 = -169. Calculate the highest common factor of 301 and x.
43
Let p = -719 + 1043. What is the greatest common divisor of 12 and p?
12
Let t(b) = 11*b**2 + 10*b + 10. Let l be t(-1). Calculate the highest common divisor of l and 11.
11
Let f = -35 + 123. Let j(a) = a**2 - a. Let l be j(0). Suppose 0 = 2*y, l*x - 3*x = y - 33. What is the greatest common divisor of x and f?
11
Let j = -9 - -11. Suppose 6 = -m + 4*k, -j*m + m + 3*k - 3 = 0. What is the greatest common divisor of 66 and m?
6
Let q be (-32)/6*(-6)/2. What is the highest common divisor of 48 and q?
16
Let f = -325 - -494. Suppose -3*n - 2*j + f = 0, n + n = -4*j + 118. What is the greatest common factor of 11 and n?
11
Let f be 1/(127/(-42) + 3). Let c = f + 66. Let x(s) = 3*s - 3. Let p be x(5). Calculate the greatest common factor of p and c.
12
Let n(h) = 158*h**3 - h**2 - 10*h + 10. Let a be n(2). Calculate the greatest common factor of a and 50.
50
Let c = -17284 - -6944. Let x be (-2)/(-6) + 0 + c/(-165). Calculate the greatest common factor of 9 and x.
9
Suppose 3*z = 5*m - 166, -5*m + 178 = 4*z - 9. What is the highest common factor of m and 105?
35
Suppose 4*c + 3*r + 0 + 1 = 0, 3*c = 3*r + 15. Suppose 0 = 4*i + 2*h - 94, -i - 4*h + 13 = -21. Calculate the greatest common factor of i and c.
2
Let z(w) = -7*w - 31. Let d be z(-12). Suppose -19*x + d = -175. Calculate the greatest common divisor of 42 and x.
6
Let z(b) = -b + 65. Let r be z(20). Let o = -2 + -30. Let v = r + o. Calculate the greatest common factor of 26 and v.
13
Let p = 15 - 11. Suppose 7*h - 36 = 3*h - 3*q, -p = -q. Suppose -i + 4*i - 12 = 0. Calculate the greatest common factor of i and h.
2
Suppose -r - 24 = -143. Let t be (-2)/(-3)*51/10*5. Calculate the highest common divisor of r and t.
17
Let d be (-116)/(-10) + (1 - 15/25). What is the highest common divisor of d and 2796?
12
Let b be ((-92)/10)/((-5)/(-600)*-3). Calculate the greatest common divisor of 138 and b.
46
Let v(l) = -202*l**3 + l**2 + l - 1. Let z be v(-1). Suppose -4*h + z = -215. Calculate the highest common factor of h and 13.
13
Let b = -877 - -1281. Suppose 3*p = b + 487. What is the greatest common factor of p and 27?
27
Let n(s) = 2*s**2 - s + 6. Let h be n(3). Let c = 78 + h. Calculate the highest common divisor of 9 and c.
9
Let u = 1075 - 1051. What is the greatest common divisor of 424 and u?
8
Let a be 8/(-36) - (-16785)/81. Calculate the greatest common factor of 23 and a.
23
Suppose 0 = 11*s - 1465 + 5425. Let a be (-4)/(-14) - s/14. Calculate the highest common factor of a and 39.
13
Suppose 10 - 19 = -3*a. Suppose c + d - 3*d = 46, 2*d - 178 = -a*c. Calculate the highest common factor of c and 84.
28
Let o be 94/14 + 6/21. Let p = 69 + -69. Suppose -4 = -2*i - 2*z, 1 = 3*i + 4*z - p. What is the greatest common divisor of i and o?
7
Suppose -16 = 4*z, x + z - 64 = 5*z. Let u be (9 + -1)/(-3 - (-147)/x). Calculate the greatest common divisor of 8 and u.
8
Suppose 0 = g + 4, -25 = l - 0*g + 5*g. Let m = 50 + l. Suppose 0*q - m = -3*q. What is the greatest common divisor of q and 10?
5
Suppose 3*l + 20 = 119. Let f be ((-4)/(-6))/((-10)/(-45)). Suppose 0 = 3*t - 5*v - 18, 6 = 3*v - f. What is the highest common divisor of l and t?
11
Let i be ((-20)/(-12) + -1)*177. Suppose -4*c + 102 = -i. What is the highest common divisor of c and 5?
5
Suppose 57 = 23*c - 20*c. Let g = 21 - c. What is the highest common factor of g and 5?
1
Let f(z) = z**2 + 18*z - 20. Let g be f(-20). Suppose -5*b = 5*n - 67 + 27, 0 = 3*n + 2*b - 21. Calculate the greatest common divisor of n and g.
5
Let n(s) = s**2 - s + 1. Let x be n(0). Let i be -2 - (0 + -1*(2 + x)). What is the greatest common factor of i and 11?
1
Let t = -2056 - -2224. Let b(m) = 3*m**3 - 3*m**2 - 5*m + 3. Let z be b(3). Calculate the greatest common factor of z and t.
42
Suppose -9*b - 363 = -2631. What is the greatest common divisor of 63 and b?
63
Let r(q) = q**2 + q + 1. Let i(t) = -7*t**2 - 18*t - 4. Let n(f) = i(f) + 5*r(f). Let m be n(-6). What is the greatest common divisor of 49 and m?
7
Let i(q) 